{"id":30,"date":"2014-11-15T14:45:22","date_gmt":"2014-11-15T12:45:22","guid":{"rendered":"http:\/\/hyyppy.fi\/?page_id=30"},"modified":"2015-01-07T13:15:13","modified_gmt":"2015-01-07T11:15:13","slug":"loytaneen-kyla","status":"publish","type":"page","link":"https:\/\/hyyppy.fi\/?page_id=30","title":{"rendered":"L\u00f6yt\u00e4neen kyl\u00e4"},"content":{"rendered":"<p>\u201dL\u00f6yt\u00e4neen kyl\u00e4 mainitaan kirjallisissa l\u00e4hteiss\u00e4 ensimm\u00e4isen kerran vuonna 1455, jolloin veli Martinus myi osan tiluksistaan L\u00f6yt\u00e4neen yksin\u00e4istalosta. My\u00f6hemmin 1600-luvulla L\u00f6yt\u00e4neen yksin\u00e4istalo kuului K\u00f6yli\u00f6n kartanon omistuksiin ja siirtyi edelleen kruunutilaksi. Kyl\u00e4 sijoittuu voimakkaasti mutkittelevan Pyh\u00e4joen varteen ja on tyypillinen raittikyl\u00e4. Keskiaikainen vaellustie, Pyh\u00e4n Henrikin tie, kulki K\u00f6yli\u00f6st\u00e4 Nousiaisiin L\u00f6yt\u00e4neen kyl\u00e4n kautta.&#8221; (Anneli Bj\u00f6rkqvist, S\u00e4kyl\u00e4n rakennuskulttuuria 1998, s. 93)<\/p>\n<p>Kyl\u00e4st\u00e4 on alkuaan k\u00e4ytetty nime\u00e4 Liutananmaa, joka aikojen kuluessa on muuttunut L\u00f6yt\u00e4neeksi. Rinnalla on esiintynyt my\u00f6s nimi Horna.<br \/>\n(Raili Nurminen, S\u00e4kyl\u00e4n historia I 1970, s. 183)<\/p>\n<p>L\u00f6yt\u00e4neen yksin\u00e4istalon ensimm\u00e4inen asukas oli talonpoika Yrj\u00f6 Antinpoika<strong> L\u00f6yt\u00e4ne<\/strong> (1569-1608), jota mainitaan my\u00f6s uudisraivaajaksi. My\u00f6hemmin L\u00f6yt\u00e4neen talo jaettiin kahtia. Veljekset Tuomas Tuomaanpoika L\u00f6yt\u00e4ne sai omistukseensa Tuomolan ja Juho Tuomaanpoika Alatalon. (Pekka M\u00e4kitalo, S\u00e4kyl\u00e4n talot ja is\u00e4nn\u00e4t 2011)<\/p>\n<p>Ala-Satakunnan nimist\u00f6n etymologian mukaan L\u00f6yt\u00e4ne -sanasta on k\u00e4ytetty my\u00f6s muotoa L\u00f6yttyl\u00e4. Molemmat sanat ovat vanhaa suomea ja tarkoittavat l\u00f6ydetty\u00e4\/raivattua maata. (Pyh\u00e4j\u00e4rviseudun sukututkijat ry, intranet)<\/p>\n<p>L\u00f6yt\u00e4neen kyl\u00e4 muodostaa osan Syd\u00e4nmaan kyl\u00e4yhdistyksen toimialueesta. <a href=\"http:\/\/sydanmaa.net\">http:\/\/sydanmaa.net<\/a><\/p>\n","protected":false},"excerpt":{"rendered":"<p>\u201dL\u00f6yt\u00e4neen kyl\u00e4 mainitaan kirjallisissa l\u00e4hteiss\u00e4 ensimm\u00e4isen kerran vuonna 1455, jolloin veli Martinus myi osan tiluksistaan L\u00f6yt\u00e4neen yksin\u00e4istalosta. My\u00f6hemmin 1600-luvulla L\u00f6yt\u00e4neen yksin\u00e4istalo kuului K\u00f6yli\u00f6n kartanon omistuksiin ja siirtyi edelleen kruunutilaksi. Kyl\u00e4 sijoittuu voimakkaasti mutkittelevan Pyh\u00e4joen varteen ja on tyypillinen raittikyl\u00e4. Keskiaikainen &hellip; <a href=\"https:\/\/hyyppy.fi\/?page_id=30\">Lue loppuun <span class=\"meta-nav\">&rarr;<\/span><\/a><\/p>\n","protected":false},"author":1,"featured_media":0,"parent":0,"menu_order":0,"comment_status":"closed","ping_status":"closed","template":"","meta":{"footnotes":""},"class_list":["post-30","page","type-page","status-publish","hentry"],"_links":{"self":[{"href":"https:\/\/hyyppy.fi\/index.php?rest_route=\/wp\/v2\/pages\/30","targetHints":{"allow":["GET"]}}],"collection":[{"href":"https:\/\/hyyppy.fi\/index.php?rest_route=\/wp\/v2\/pages"}],"about":[{"href":"https:\/\/hyyppy.fi\/index.php?rest_route=\/wp\/v2\/types\/page"}],"author":[{"embeddable":true,"href":"https:\/\/hyyppy.fi\/index.php?rest_route=\/wp\/v2\/users\/1"}],"replies":[{"embeddable":true,"href":"https:\/\/hyyppy.fi\/index.php?rest_route=%2Fwp%2Fv2%2Fcomments&post=30"}],"version-history":[{"count":4,"href":"https:\/\/hyyppy.fi\/index.php?rest_route=\/wp\/v2\/pages\/30\/revisions"}],"predecessor-version":[{"id":56,"href":"https:\/\/hyyppy.fi\/index.php?rest_route=\/wp\/v2\/pages\/30\/revisions\/56"}],"wp:attachment":[{"href":"https:\/\/hyyppy.fi\/index.php?rest_route=%2Fwp%2Fv2%2Fmedia&parent=30"}],"curies":[{"name":"wp","href":"https:\/\/api.w.org\/{rel}","templated":true}]}}