{"id":41,"date":"2015-01-03T13:26:01","date_gmt":"2015-01-03T11:26:01","guid":{"rendered":"http:\/\/hyyppy.fi\/?page_id=41"},"modified":"2015-01-03T21:25:31","modified_gmt":"2015-01-03T19:25:31","slug":"luontokuvia","status":"publish","type":"page","link":"https:\/\/hyyppy.fi\/?page_id=41","title":{"rendered":"Luontokuvia"},"content":{"rendered":"<p><a href=\"http:\/\/hyyppy.fi\/wp-content\/uploads\/2015\/01\/LoytanePeltoaukio.jpg\"><img loading=\"lazy\" decoding=\"async\" class=\"alignnone size-medium wp-image-43\" src=\"http:\/\/hyyppy.fi\/wp-content\/uploads\/2015\/01\/LoytanePeltoaukio-300x225.jpg\" alt=\"LoytanePeltoaukio\" width=\"300\" height=\"225\" srcset=\"https:\/\/hyyppy.fi\/wp-content\/uploads\/2015\/01\/LoytanePeltoaukio-300x225.jpg 300w, https:\/\/hyyppy.fi\/wp-content\/uploads\/2015\/01\/LoytanePeltoaukio-1024x768.jpg 1024w, https:\/\/hyyppy.fi\/wp-content\/uploads\/2015\/01\/LoytanePeltoaukio-400x300.jpg 400w, https:\/\/hyyppy.fi\/wp-content\/uploads\/2015\/01\/LoytanePeltoaukio.jpg 1200w\" sizes=\"auto, (max-width: 300px) 100vw, 300px\" \/><br \/>\nL\u00f6yt\u00e4neen peltoaukea Hyypyntielt\u00e4 katsottuna<\/a><\/p>\n<p><img loading=\"lazy\" decoding=\"async\" class=\"alignnone size-medium wp-image-44\" src=\"http:\/\/hyyppy.fi\/wp-content\/uploads\/2015\/01\/HyypynLahde-300x225.jpg\" alt=\"HyypynLahde\" width=\"300\" height=\"225\" srcset=\"https:\/\/hyyppy.fi\/wp-content\/uploads\/2015\/01\/HyypynLahde-300x225.jpg 300w, https:\/\/hyyppy.fi\/wp-content\/uploads\/2015\/01\/HyypynLahde-1024x768.jpg 1024w, https:\/\/hyyppy.fi\/wp-content\/uploads\/2015\/01\/HyypynLahde-400x300.jpg 400w, https:\/\/hyyppy.fi\/wp-content\/uploads\/2015\/01\/HyypynLahde.jpg 1200w\" sizes=\"auto, (max-width: 300px) 100vw, 300px\" \/><a href=\"http:\/\/hyyppy.fi\/wp-content\/uploads\/2015\/01\/HyypynLahde.jpg\"><br \/>\nHyypynl\u00e4hde<\/a><\/p>\n<p><a href=\"http:\/\/hyyppy.fi\/wp-content\/uploads\/2015\/01\/Myllyumpaidanoja1.jpg\"><img loading=\"lazy\" decoding=\"async\" class=\"alignnone size-medium wp-image-45\" src=\"http:\/\/hyyppy.fi\/wp-content\/uploads\/2015\/01\/Myllyumpaidanoja1-300x225.jpg\" alt=\"Myllyumpaidanoja1\" width=\"300\" height=\"225\" srcset=\"https:\/\/hyyppy.fi\/wp-content\/uploads\/2015\/01\/Myllyumpaidanoja1-300x225.jpg 300w, https:\/\/hyyppy.fi\/wp-content\/uploads\/2015\/01\/Myllyumpaidanoja1-1024x768.jpg 1024w, https:\/\/hyyppy.fi\/wp-content\/uploads\/2015\/01\/Myllyumpaidanoja1-400x300.jpg 400w, https:\/\/hyyppy.fi\/wp-content\/uploads\/2015\/01\/Myllyumpaidanoja1.jpg 1200w\" sizes=\"auto, (max-width: 300px) 100vw, 300px\" \/><br \/>\nMyllyumpaidanoja<\/a><\/p>\n<p><a href=\"http:\/\/hyyppy.fi\/wp-content\/uploads\/2015\/01\/Myllyumpaidanoja2.jpg\"><img loading=\"lazy\" decoding=\"async\" class=\"alignnone size-medium wp-image-46\" src=\"http:\/\/hyyppy.fi\/wp-content\/uploads\/2015\/01\/Myllyumpaidanoja2-300x225.jpg\" alt=\"Myllyumpaidanoja2\" width=\"300\" height=\"225\" srcset=\"https:\/\/hyyppy.fi\/wp-content\/uploads\/2015\/01\/Myllyumpaidanoja2-300x225.jpg 300w, https:\/\/hyyppy.fi\/wp-content\/uploads\/2015\/01\/Myllyumpaidanoja2-1024x768.jpg 1024w, https:\/\/hyyppy.fi\/wp-content\/uploads\/2015\/01\/Myllyumpaidanoja2-400x300.jpg 400w, https:\/\/hyyppy.fi\/wp-content\/uploads\/2015\/01\/Myllyumpaidanoja2.jpg 1200w\" sizes=\"auto, (max-width: 300px) 100vw, 300px\" \/><\/a><\/p>\n<p><a href=\"http:\/\/hyyppy.fi\/wp-content\/uploads\/2015\/01\/Myllyumpaidanoja2.jpg\">Myllyumpaidanoja<\/a><\/p>\n","protected":false},"excerpt":{"rendered":"<p>L\u00f6yt\u00e4neen peltoaukea Hyypyntielt\u00e4 katsottuna Hyypynl\u00e4hde Myllyumpaidanoja Myllyumpaidanoja<\/p>\n","protected":false},"author":1,"featured_media":0,"parent":0,"menu_order":0,"comment_status":"closed","ping_status":"closed","template":"","meta":{"footnotes":""},"class_list":["post-41","page","type-page","status-publish","hentry"],"_links":{"self":[{"href":"https:\/\/hyyppy.fi\/index.php?rest_route=\/wp\/v2\/pages\/41","targetHints":{"allow":["GET"]}}],"collection":[{"href":"https:\/\/hyyppy.fi\/index.php?rest_route=\/wp\/v2\/pages"}],"about":[{"href":"https:\/\/hyyppy.fi\/index.php?rest_route=\/wp\/v2\/types\/page"}],"author":[{"embeddable":true,"href":"https:\/\/hyyppy.fi\/index.php?rest_route=\/wp\/v2\/users\/1"}],"replies":[{"embeddable":true,"href":"https:\/\/hyyppy.fi\/index.php?rest_route=%2Fwp%2Fv2%2Fcomments&post=41"}],"version-history":[{"count":9,"href":"https:\/\/hyyppy.fi\/index.php?rest_route=\/wp\/v2\/pages\/41\/revisions"}],"predecessor-version":[{"id":55,"href":"https:\/\/hyyppy.fi\/index.php?rest_route=\/wp\/v2\/pages\/41\/revisions\/55"}],"wp:attachment":[{"href":"https:\/\/hyyppy.fi\/index.php?rest_route=%2Fwp%2Fv2%2Fmedia&parent=41"}],"curies":[{"name":"wp","href":"https:\/\/api.w.org\/{rel}","templated":true}]}}